
Is 453792 a multiple of 326?
True
Is 954 a factor of 23530410?
True
Does 26 divide 61673?
False
Is 5045 a multiple of 43?
False
Is 84 a factor of 493164?
True
Is 77 a factor of 102130?
False
Does 15 divide 29880?
True
Is 264825 a multiple of 16?
False
Is 955093 a multiple of 113?
False
Is 28 a factor of 449941?
False
Is 2197 a multiple of 8?
False
Is 93 a factor of 1578954?
True
Is 29132 a multiple of 8?
False
Is 2807977 a multiple of 10?
False
Does 1353 divide 3767167?
False
Is 21 a factor of 202251?
True
Is 15 a factor of 138909?
False
Does 668 divide 369404?
True
Is 188 a factor of 366976?
True
Is 16162211 a multiple of 13?
True
Does 26 divide 485840?
False
Is 173982 a multiple of 2?
True
Is 456378 a multiple of 6?
True
Is 3538086 a multiple of 74?
False
Is 1427383 a multiple of 37?
False
Is 72 a factor of 182232?
True
Does 105 divide 2914227?
False
Is 278 a factor of 4957852?
True
Is 1042 a factor of 10225146?
True
Does 33 divide 4160573?
False
Is 2638030 a multiple of 130?
False
Is 45 a factor of 5427900?
True
Does 285 divide 52054?
False
Does 437 divide 415150?
True
Is 21 a factor of 10807442?
False
Is 2152683 a multiple of 8?
False
Is 20215 a multiple of 66?
False
Is 115274 even?
True
Is 15 a factor of 47265?
True
Is 7 a factor of 26502?
True
Is 4637602 a multiple of 19?
False
Is 17 a factor of 346123?
False
Is 216416 a multiple of 8?
True
Is 1161396 a multiple of 18?
True
Is 429 a factor of 374946?
True
Does 215 divide 1494704?
False
Is 581574 a multiple of 427?
True
Is 773765 a multiple of 236?
False
Is 81765 a multiple of 23?
True
Is 461313 a multiple of 8?
False
Does 37 divide 710974?
False
Does 53 divide 8194118?
True
Is 475 a factor of 468350?
True
Is 19 a factor of 1107591?
False
Is 52 a factor of 1264848?
True
Is 109 a factor of 204048?
True
Does 487 divide 334581?
False
Does 93 divide 5661189?
True
Does 19 divide 77292?
True
Is 16 a factor of 5944688?
True
Is 18963 a multiple of 27?
False
Is 16755950 a multiple of 11?
False
Is 187986 a multiple of 54?
False
Does 6 divide 896022?
True
Does 2 divide 568854?
True
Does 11 divide 830396?
False
Does 319 divide 1662937?
False
Does 181 divide 375394?
True
Does 1277 divide 4505671?
False
Does 7 divide 59990?
True
Is 394 a factor of 1906712?
False
Does 151 divide 702754?
True
Is 24346 even?
True
Does 48 divide 21497041?
False
Is 510 a factor of 17411501?
False
Is 454541 a multiple of 118?
False
Does 16 divide 1842928?
True
Is 14 a factor of 472188?
False
Is 198 a factor of 407875?
False
Is 72830 even?
True
Does 130 divide 220893?
False
Is 5 a factor of 190357?
False
Is 75 a factor of 2154956?
False
Does 19 divide 1598767?
False
Does 12 divide 2309244?
True
Does 745 divide 3930620?
True
Is 14 a factor of 421526?
True
Does 11 divide 111837?
True
Does 11 divide 2384140?
True
Does 16 divide 12885376?
True
Is 11 a factor of 870364?
True
Does 13 divide 8567351?
True
Does 3 divide 223148?
False
Is 151 a factor of 3223?
False
Does 7 divide 108743?
False
Is 8 a factor of 230248?
True
Is 11 a factor of 5189228?
True
Does 734 divide 8490187?
False
Does 44 divide 304933?
False
Is 832260 a multiple of 130?
True
Does 144 divide 44784?
True
Is 89 a factor of 2847662?
False
Is 7 a factor of 63308?
True
Is 388 a factor of 6378640?
False
Does 54 divide 1256634?
True
Is 72 a factor of 103654?
False
Is 158 a factor of 242372?
True
Is 8919 a multiple of 23?
False
Does 45 divide 223785?
True
Is 161 a factor of 2087390?
False
Is 22 a factor of 246144?
False
Does 86 divide 41882?
True
Is 147 a factor of 1957158?
True
Does 130 divide 526989?
False
Is 22136 a multiple of 30?
False
Does 414 divide 1373238?
True
Is 2 a factor of 11662?
True
Does 18 divide 93078?
True
Is 1574894 a multiple of 16?
False
Is 4109634 a multiple of 229?
True
Is 315468 a multiple of 46?
True
Does 11 divide 2695624?
False
Is 477939 a multiple of 11?
True
Is 142 a factor of 389790?
True
Does 10 divide 9126738?
False
Does 11 divide 1877441?
False
Is 375011 a multiple of 13?
True
Is 250752 a multiple of 33?
False
Is 65 a factor of 3132298?
False
Is 20 a factor of 162340?
True
Is 8 a factor of 41934?
False
Does 216 divide 713091?
False
Is 232870 a multiple of 58?
True
Does 215 divide 5822551?
False
Is 49 a factor of 21839094?
False
Is 76727 a multiple of 45?
False
Is 20 a factor of 127640?
True
Is 5151 a multiple of 4?
False
Is 21 a factor of 37172?
False
Does 28 divide 253697?
False
Is 19 a factor of 1893925?
False
Does 282 divide 430896?
True
Is 19 a factor of 1161033?
True
Does 157 divide 8168710?
True
Does 19 divide 96406?
True
Does 19 divide 275170?
False
Is 1549788 a multiple of 8?
False
Is 33 a factor of 42240?
True
Does 30 divide 28784?
False
Is 4666736 a multiple of 1004?
False
Does 707 divide 1116666?
False
Is 140 a factor of 72800?
True
Does 1329 divide 3177388?
False
Is 61 a factor of 1931523?
False
Is 232 a factor of 3364243?
False
Is 4892642 a multiple of 766?
False
Does 255 divide 47430?
True
Does 414 divide 26496?
True
Does 5 divide 137290?
True
Does 29 divide 519328?
False
Is 2 a factor of 14100?
True
Is 63630 a multiple of 606?
True
Is 46 a factor of 1879884?
False
Is 5930673 a multiple of 178?
False
Does 12 divide 13896?
True
Is 20 a factor of 201820?
True
Does 74 divide 53724?
True
Is 145 a factor of 27550?
True
Is 1498263 a multiple of 41?
True
Is 6684251 a multiple of 217?
True
Is 10 a factor of 13411?
False
Is 3159390 a multiple of 26?
True
Is 230 a factor of 717082?
False
Is 329602 a multiple of 5?
False
Is 10 a factor of 46143?
False
Is 43911 a multiple of 41?
True
Is 450244 a multiple of 10?
False
Does 23 divide 476744?
True
Is 135000 a multiple of 225?
True
Is 745774 a multiple of 14?
False
Is 2175296 a multiple of 16?
True
Is 2206160 a multiple of 44?
True
Does 31 divide 25852977?
True
Does 77 divide 372872?
False
Is 37 a factor of 11732327?
False
Is 4 a factor of 29528?
True
Does 501 divide 7141154?
False
Is 149346 a multiple of 51?
False
Is 282218 a multiple of 53?
False
Is 31 a factor of 9262772?
False
Does 169 divide 2014818?
True
Is 12146594 a multiple of 33?
False
Is 172 a factor of 544555?
False
Is 28 a factor of 93912?
True
Is 71 a factor of 548262?
True
Is 1636828 a multiple of 17?
True
Does 59 divide 68668?
False
Does 128 divide 3055872?
True
Does 22 divide 4019476?
False
Is 434225 a multiple of 155?
False
Does 685 divide 1424196?
False
Is 46170 a multiple of 27?
True
Is 73 a factor of 652234?
False
Does 15 divide 576885?
True
Does 48 divide 55783?
False
Is 708461 a multiple of 108?
False
Is 8085168 a multiple of 819?
True
Is 8 a factor of 2919585?
False
Is 2106756 a multiple of 189?
False
Does 16 divide 356544?
True
Is 105 a factor of 1237950?
True
Does 200 divide 5525775?
False
Does 28 divide 351472?
False
Is 16674760 a multiple of 10?
True
Does 9 divide 3534885?
True
Does 491 divide 1481347?
True
Does 799 divide 581906?
False
Does 2 divide 3657475?
False
Does 73 divide 1643965?
False
Is 9 a factor of 85012?
False
Does 1206 divide 3203928?
False
Is 1227476 a multiple of 308?
False
Does 155 divide 575670?
True
Does 46 divide 526332?
True
Does 178 divide 51280?
False
Is 66921 a multiple of 83?
False
Is 9 a factor of 3798?
True
Does 29 divide 274775?
True
Is 370678 a multiple of 154?
True
Does 13 divide 2397967?
True
Does 9 divide 2135569?
False
Does 6 divide 232055?
False
Is 119 a factor of 427545?
False
Is 112 a factor of 868784?
True
Is 1073 a factor of 11210408?
False
Does 8 divide 2116264?
True
Does 9 divide 424530?
True
Is 976352 a multiple of 30?
False
Is 220 a factor of 4042811?
False
Is 768264 a multiple of 204?
True
Is 1388521 a multiple of 18?
False
Is 21 a factor of 108374?
False
Is 32272 a multiple of 40?
False
Is 2696034 a multiple of 33?
True
Is 6 a factor of 259986?
True
Does 52 divide 8026194?
False
Does 20 divide 7296?
False
Is 2590872 a multiple of 492?
True
Is 2164710 a multiple of 177?
True
Does 352 divide 9633127?
False
Is 51 a factor of 14560245?
True
Is 660 a factor of 2858934?
False
Is 498820 a multiple of 70?
True
Does 16 divide 406896?
True
Does 20 divide 6427?
False
Is 1581503 a multiple of 209?
True
Is 475 a factor of 9510328?
False
Is 1096443 a multiple of 27?
True
Is 15 a factor of 232275?
True
Does 122 divide 418582?
True
Is 1545530 a multiple of 35?
True
Is 4686 a mult